26?
8
What is the millions digit of 3592024807?
2
What is the units digit of 670547325?
5
What is the hundreds digit of 217136141?
1
What is the hundreds digit of 348177263?
2
What is the hundreds digit of 266895838?
8
What is the tens digit of 89632722?
2
What is the ten millions digit of 571282197?
7
What is the hundreds digit of 281134774?
7
What is the thousands digit of 2637337258?
7
What is the millions digit of 2783755117?
3
What is the millions digit of 744534040?
4
What is the thousands digit of 121755219?
5
What is the hundred millions digit of 485754010?
4
What is the ten thousands digit of 76501267?
0
What is the billions digit of 5446658461?
5
What is the hundred millions digit of 1360779587?
3
What is the ten thousands digit of 88570175?
7
What is the millions digit of 399896864?
9
What is the tens digit of 55009670?
7
What is the hundred millions digit of 107350749?
1
What is the tens digit of 3409765991?
9
What is the units digit of 24154276?
6
What is the millions digit of 182568803?
2
What is the hundreds digit of 22409458?
4
What is the ten millions digit of 136153933?
3
What is the millions digit of 2697295?
2
What is the hundred thousands digit of 7361622687?
6
What is the hundred thousands digit of 5121240740?
2
What is the thousands digit of 47573924?
3
What is the millions digit of 64224017?
4
What is the tens digit of 59257167?
6
What is the hundreds digit of 60314514?
5
What is the thousands digit of 1170136676?
6
What is the ten thousands digit of 199010137?
1
What is the thousands digit of 442494367?
4
What is the hundred millions digit of 1845531061?
8
What is the thousands digit of 13456016?
6
What is the millions digit of 3158187640?
8
What is the hundred thousands digit of 77097127?
0
What is the ten thousands digit of 480957906?
5
What is the millions digit of 571544838?
1
What is the hundred thousands digit of 44869135?
8
What is the hundreds digit of 5216806476?
4
What is the ten millions digit of 63504949?
6
What is the tens digit of 807365395?
9
What is the ten millions digit of 119204123?
1
What is the thousands digit of 420016082?
6
What is the thousands digit of 41097424?
7
What is the hundred thousands digit of 2141862710?
8
What is the millions digit of 38122635?
8
What is the ten thousands digit of 141778630?
7
What is the ten thousands digit of 536439014?
3
What is the hundred millions digit of 6104219408?
1
What is the hundred millions digit of 3106286738?
1
What is the tens digit of 53628203?
0
What is the units digit of 194859179?
9
What is the millions digit of 4083938770?
3
What is the ten millions digit of 4116604398?
1
What is the hundreds digit of 1698024?
0
What is the ten millions digit of 4122292245?
2
What is the ten millions digit of 149206935?
4
What is the hundred millions digit of 116153897?
1
What is the thousands digit of 252616949?
6
What is the hundred millions digit of 193374864?
1
What is the ten millions digit of 139988283?
3
What is the thousands digit of 48354159?
4
What is the millions digit of 812803046?
2
What is the millions digit of 239248930?
9
What is the tens digit of 327914919?
1
What is the units digit of 631921396?
6
What is the ten thousands digit of 2256460099?
6
What is the hundreds digit of 2883092796?
7
What is the tens digit of 49398564?
6
What is the thousands digit of 955238983?
8
What is the millions digit of 101823776?
1
What is the ten thousands digit of 1009357916?
5
What is the hundred thousands digit of 240012979?
0
What is the thousands digit of 3334077156?
7
What is the thousands digit of 116618?
6
What is the tens digit of 145383878?
7
What is the thousands digit of 67524457?
4
What is the hundred millions digit of 3463682505?
4
What is the hundred thousands digit of 8976240?
9
What is the units digit of 2042098?
8
What is the tens digit of 53023197?
9
What is the hundred thousands digit of 2681708867?
7
What is the ten millions digit of 2388143131?
8
What is the thousands digit of 5669612190?
2
What is the hundreds digit of 5265341865?
8
What is the ten millions digit of 311465960?
1
What is the thousands digit of 83164784?
4
What is the ten thousands digit of 650207565?
0
What is the ten thousands digit of 208332938?
3
What is the units digit of 435104135?
5
What is the ten millions digit of 187509012?
8
What is the millions digit of 20164248?
0
What is the thousands digit of 687320038?
0
What is the tens digit of 1210953343?
4
What is the units digit of 79445927?
7
What is the ten thousands digit of 2913848214?
4
What is the ten thousands digit of 2596355099?
5
What is the tens digit of 512001775?
7
What is the thousands digit of 603642439?
2
What is the hundred thousands digit of 93285680?
2
What is the ten millions digit of 3781414361?
8
What is the ten thousands digit of 13504469?
0
What is the millions digit of 39835626?
9
What is the tens digit of 4657181960?
6
What is the tens digit of 1452801699?
9
What is the units digit of 428283959?
9
What is the millions digit of 68797696?
8
What is the tens digit of 37462058?
5
What is the hundred thousands digit of 189731332?
7
What is the tens digit of 5830647891?
9
What is the thousands digit of 253397413?
7
What is the thousands digit of 65798301?
8
What is the thousands digit of 1901777409?
7
What is the ten thousands digit of 9061970?
6
What is the hundred thousands digit of 80846035?
8
What is the hundred thousands digit of 2481652732?
6
What is the tens digit of 135996992?
9
What is the ten thousands digit of 1347686622?
8
What is the ten millions digit of 679320631?
7
What is the hundred thousands digit of 9123788?
1
What is the ten millions digit of 1406007144?
0
What is the millions digit of 85452193?
5
What is the tens digit of 157878524?
2
What is the tens digit of 5195559219?
1
What is the tens digit of 91350118?
1
What is the hundreds digit of 670079873?
8
What is the hundred thousands digit of 751149894?
1
What is the hundred millions digit of 439085964?
4
What is the millions digit of 34865251?
4
What is the tens digit of 21454907?
0
What is the hundred millions digit of 328344395?
3
What is the millions digit of 125123668?
5
What is the hundreds digit of 96758329?
3
What is the hundreds digit of 39724152?
1
What is the units digit of 254330702?
2
What is the ten thousands digit of 28998196?
9
What is the ten millions digit of 1210339484?
1
What is the ten thousands digit of 19965791?
6
What is the ten millions digit of 514493298?
1
What is the hundreds digit of 2858053793?
7
What is the hundred millions digit of 1417312840?
4
What is the hundred millions digit of 1388121951?
3
What is the ten millions digit of 544890693?
4
What is the thousands digit of 1185605519?
5
What is the ten millions digit of 364437749?
6
What is the ten thousands digit of 14168032?
6
What is the units digit of 6414568888?
8
What is the tens digit of 229244382?
8
What is the hundred thousands digit of 728137309?
1
What is the hundred millions digit of 128139677?
1
What is the hundreds digit of 2019281685?
6
What is the thousands digit of 24706962?
6
What is the hundred millions digit of 217511212?
2
What is the units digit of 472572026?
6
What is the tens digit of 1816739956?
5
What is the tens digit of 691478621?
2
What is the thousands digit of 571754622?
4
What is the hundred millions digit of 141913040?
1
What is the hundreds digit of 1219399141?
1
What is the ten thousands digit of 5864599?
6
What is the millions digit of 364878788?
4
What is the hundreds digit of 363634035?
0
What is the ten millions digit of 82472978?
8
What is the units digit of 2039566161?
1
What is the hundred thousands digit of 328277461?
2
What is the thousands digit of 537738886?
8
What is the tens digit of 9843719?
1
What is the hundreds digit of 133453695?
6
What is the hundred millions digit of 521011396?
5
What is the ten thousands digit of 13197097?
9
What is the tens digit of 2527392330?
3
What is the thousands digit of 1859431954?
1
What is the thousands digit of 143588365?
8
What is the tens digit of 106186647?
4
What is the thousands digit of 1169297093?
7
What is the tens digit of 21434431?
3
What is the millions digit of 1270087995?
0
What is the hundred millions digit of 101076483?
1
What is the hundred thousand